)/(398/132 - 3).
15
Suppose -107*b = -105*b - 1726. Calculate the remainder when b is divided by 48.
47
Let n = 101 - 92. Calculate the remainder when 44 is divided by n.
8
Suppose 5*t - 430 - 610 = 0. What is the remainder when t is divided by 30?
28
Let n be (-2)/9 + (-29)/(-9). Let o(t) = 2*t**2 - 4*t + 4. Let c be o(n). Let b = 3 + c. Calculate the remainder when b is divided by 7.
6
Suppose 7*w = 416 + 18. Suppose -3*i - 187 = -5*z, -2*z + 2*i = 4*i - w. Calculate the remainder when 136 is divided by z.
31
Suppose 3*q + 2 = 2*j + 16, 0 = -4*q - 5*j + 34. Let r = q - 5. Let v(h) = h - 1. What is the remainder when r is divided by v(2)?
0
Let y(j) = 3*j**2 - 24*j + 41. Calculate the remainder when 58 is divided by y(6).
3
Suppose -77*y = -79*y + 306. Calculate the remainder when y is divided by 42.
27
Suppose -2*g - 10 = 0, 3*m = -4*g - 1 - 4. Suppose m*x - 38 = 3*b + 82, -b = 0. Calculate the remainder when 1686/x - (-2)/(-8) is divided by 18.
16
Calculate the remainder when 214 is divided by 2/8 - (-6020)/112.
52
Let v be (-7)/(42/(-24)) + (61 - 1). Let y = v - 26. What is the remainder when 187 is divided by y?
35
Suppose -5*b = 2*o + 262, -3*o = b + 2*b + 159. Calculate the remainder when 63 is divided by (b/(-10))/((-3)/(-15)) + -4.
19
Let z be (-2 - 1)*(32/6 + -2). What is the remainder when 2*((-10)/2)/z is divided by 1?
0
Let u(i) = 4*i + 10. Let y be u(-9). Let o(z) = -2*z**3 - 2*z**2 - 3*z. Let h be o(-2). Let d = h - y. Calculate the remainder when d is divided by 14.
12
Let s = -3 - -82. Let r = s + -63. What is the remainder when 77 is divided by r?
13
What is the remainder when ((-3)/2)/((-3)/140) is divided by (-1 + -1)*((-9)/(-18) - 10)?
13
Suppose 0*r + 3*t - 19 = -4*r, -t + 13 = 3*r. Suppose -21 - 43 = -r*x. What is the remainder when 41 is divided by x?
9
Let h = 8 - -3. Let g = -30 + 32. Suppose -7*u + 30 = -g*u. What is the remainder when h is divided by u?
5
Let v(k) = -3*k**3 - 15*k**2 - 8*k - 8. Calculate the remainder when v(-5) is divided by 11.
10
Suppose -2*w = 8, -w - 32 = -39*r + 37*r. Calculate the remainder when 432 is divided by r.
12
Suppose 2*n + 2*t = -3*t + 26, -5*n - 3*t + 46 = 0. What is the remainder when 74 is divided by n?
2
Suppose 3*a - 4*a + 7 = 0. Let n(k) = -k + 7. Let d be n(a). Suppose d = 2*o - 30 + 6. What is the remainder when 23 is divided by o?
11
Let r(g) = -9*g + 1. Let i be r(-11). Suppose 0*t + 5*t = i. Let k = -136 + 194. Calculate the remainder when k is divided by t.
18
Let x(d) = -d**3 + 3*d - 1. Let j be x(-3). Suppose 0 = m + k + k, 5 = k. Let s = j + m. What is the remainder when s is divided by 3?
1
Let a = 109 + -69. Suppose f - 4 = -f. Suppose -14 = -x + 3*j - 8*j, 2*j - 28 = -f*x. What is the remainder when a is divided by x?
12
What is the remainder when 48 is divided by ((-30)/2)/(21/(-28))?
8
Let z = 294 - 230. What is the remainder when 127 is divided by z?
63
Suppose 2*q = z + 464, -54*q + 53*q - 3*z + 246 = 0. What is the remainder when q is divided by 79?
76
Suppose -3*b = -4*b + 12. Let g = -279 + 300. What is the remainder when g is divided by b?
9
Let f(v) = -2*v - 2. Let u be f(-2). Let r = -235 - -236. Suppose m = u*j - r, -4*m + m + 3 = -3*j. What is the remainder when 11 is divided by m?
2
Let m(a) = 33*a - 174. What is the remainder when m(8) is divided by 27?
9
Suppose 0*k = 5*k + 3*v - 58, -3*v - 68 = -4*k. Calculate the remainder when 82 is divided by k.
12
Calculate the remainder when 142 is divided by (-5236)/231*(-6)/8.
6
Let s = -26 + 94. Let o = -15 + s. What is the remainder when o is divided by 9?
8
Let a = 171 - 166. Let k(f) = 4*f - 7. Calculate the remainder when k(6) is divided by a.
2
Let n(b) = b**2 + 6*b + 6. Let p(g) = 27. Let t(z) = z + 28. Let x(i) = -3*p(i) + 4*t(i). Calculate the remainder when n(-6) is divided by x(-7).
0
Suppose -349 = -9*c + 1676. Calculate the remainder when c is divided by 12.
9
Let t(s) = s**3 - 3*s**2 + 8*s - 1. Calculate the remainder when 62 is divided by t(2).
7
Let p(k) = k**3 + 8*k**2 + 4*k + 6. Let n(s) = -s**3 + 8*s**2 + s - 19. Let d be n(6). What is the remainder when p(-5) is divided by ((-8)/5)/(-3 + d/20)?
29
Let x(z) = -38*z**3 - 1. Let d = 3 - -10. Suppose d = -4*p + 5*p. Calculate the remainder when x(-1) is divided by p.
11
Suppose 0 = 9*x - 6*x - 129. Suppose -4*m - 2*y + x = -53, -m + 5*y = -46. Calculate the remainder when 51 is divided by m.
25
Suppose -29*d + 10 = -24*d. Suppose d*h - 5*g - 58 = -9*g, -146 = -4*h - 2*g. Calculate the remainder when 154 is divided by h.
37
What is the remainder when (-465678)/(-1353) + 4/(-22) is divided by 27?
20
Let u be 80/(-12)*(-9)/2. Let k = -21 + u. Suppose -2*g - g - 2*w + 79 = 0, 3*w - 106 = -4*g. What is the remainder when g is divided by k?
7
Let o(g) be the third derivative of -g**4/24 - 2*g**3/3 - g**2. Let b be o(-11). Suppose -3*q = -58 + b. Calculate the remainder when 32 is divided by q.
15
Suppose z - 23 = -y + 4, 2*y - 8 = 0. Calculate the remainder when 701 is divided by z.
11
Let o = -954 - -1036. Calculate the remainder when 489 is divided by o.
79
Let z(s) = -5*s - s**3 - 1 + 5 - 2 - 4*s**2 + 2*s**3. What is the remainder when z(6) is divided by 17?
10
Let v(d) = -d**2 + 5*d + 1. Let q be (-4)/8*-10 - 0. Let c be v(q). Calculate the remainder when 160/2 + c + 3 is divided by 29.
26
Let p = -420 + 429. Calculate the remainder when 243 is divided by p.
0
Let w(p) = p**2 + 21*p + 20. Let z be w(-20). Calculate the remainder when 99 is divided by z + (-8)/(-1) + -8 + 10.
9
Let b(l) = 10 - 2*l**3 + 0*l**3 + 3*l**3 + l + 5*l**2. What is the remainder when 7 is divided by b(-5)?
2
Suppose 5*v - 2*u = 43 + 130, 4*v + 4*u - 144 = 0. Calculate the remainder when 69 is divided by v.
34
Suppose 6*z + 12*z - 594 = 0. Calculate the remainder when 94 is divided by z.
28
Let k = -23 - -25. Suppose x + 45 = 5*r - k*x, 3*r = 3*x + 27. Calculate the remainder when 21 is divided by r.
3
Suppose 206 = 9*q - 82. What is the remainder when 108 is divided by q?
12
Let s be (7 + -4)/((-2)/(-4)). Let n = 6 + s. Let c(b) = 2*b - 7. Calculate the remainder when n is divided by c(6).
2
Suppose -2718*o + 508 = -2714*o. Calculate the remainder when o is divided by 49.
29
Let q be 1/3 + (-5688)/54. Let o = q - -141. Calculate the remainder when 105 is divided by o.
33
Suppose -14*p + 241 + 459 = 0. Suppose -r + 10 = -b, 0*r - 4*r = -2*b - p. What is the remainder when r is divided by 7 - (3 + (2 - 4))?
3
Let k(t) = 6*t**3 + 12*t**2 + 7*t + 5. Let g(h) = -7*h**3 - 13*h**2 - 7*h - 5. Let p(u) = -4*g(u) - 5*k(u). Calculate the remainder when p(-4) is divided by 12.
11
Suppose 23 = 121*i - 4817. Calculate the remainder when 559 is divided by i.
39
Suppose -2*i - 3*i = 70. Suppose 36 - 216 = -6*r. Let o = i + r. Calculate the remainder when 62 is divided by o.
14
Suppose -39 + 354 = 9*a. Let m(l) = -23*l**3 - 3*l**2 - 3*l - 5. What is the remainder when m(-2) is divided by a?
33
Let s = 247 - 229. What is the remainder when s is divided by 12?
6
Suppose 2*s = -4*f + 3*s - 5, 5*f + 5*s + 25 = 0. Let n = 13 + 30. Calculate the remainder when n is divided by 4/(-3)*f/(24/198).
21
Suppose -60 = -4*b - 3*a, -3*b - 2*a - 3*a = -45. Suppose 10*x - b*x + 50 = 0. Calculate the remainder when x is divided by 9.
1
Suppose -6*a = -0*a - 384. Suppose 0*m + 5*m = -3*r + a, 5*m + 4*r = 67. What is the remainder when 54 is divided by m?
10
Suppose 6*l - 762 + 252 = 0. Calculate the remainder when 199 is divided by l.
29
Suppose 2*k + 4 = 0, 0*k + 3*k = 5*o - 236. What is the remainder when o is divided by 2?
0
Let w = 50 + -52. Calculate the remainder when w*4/((-8)/95) is divided by 33.
29
Let z = -433 + 461. Calculate the remainder when z is divided by 13.
2
Calculate the remainder when (-10*(-25)/(-40) - -4)*-12 is divided by 6.
3
Let q = 175 + -110. Suppose -109*v = 19*v - 4352. What is the remainder when q is divided by v?
31
Suppose -16 = 61*n - 69*n. Suppose -2*r - 3 = 3*a, 4 = -r - 4*a - 0*a. Suppose 0 = -t, r = n*k + 3*t + t - 18. Calculate the remainder when 32 is divided by k.
5
Let m = 7 + 16. Suppose 4*h + 13*r - 269 = 10*r, -3*h + 5*r + 209 = 0. What is the remainder when h is divided by m?
22
Suppose 0 = 10*j + 80 + 130. Let n = j + 29. What is the remainder when 13 is 